Let c = 26 + -22. Suppose -u - c*f + 1336 = u, 3*u - 1993 = 5*f. Suppose -5*o - u + 3431 = 0. Is o composite?
True
Let c = 19704 - -11199. Is c composite?
True
Let w = 93052 - 58841. Is w a prime number?
True
Let d(f) = -f**2 + 6*f + 33. Let b be d(6). Is b + -34 - (1 - 8149) composite?
False
Suppose -7073998 - 30453610 = -23*n + 2495681. Is n a composite number?
False
Suppose 56849 + 56943 = 32*m. Suppose -2*x - 3*x + m = 3*f, 0 = 2*f - 5*x - 2379. Is f composite?
False
Suppose c + 2 + 0 = 0. Let t be (6/(-24))/(c/56). Suppose -5*y - 4*s - 1486 = -t*y, 3*y + 3*s = 2256. Is y a prime number?
False
Let a(w) = -40*w**3 - 20*w**2 - w - 128. Is a(-15) a prime number?
False
Suppose -5*g + 12 = -3*g. Let l be (8/(-16))/((-1)/g). Suppose 0 = 2*c - z - l*z - 594, 5*c + 2*z - 1449 = 0. Is c a composite number?
True
Let q be 0*(-9)/54 + -23229. Let y = q + 44632. Is y composite?
True
Suppose 13*a + 72 = 19*a. Suppose -7*g + 2*z - 10500 = -a*g, -g + 5*z = -2073. Is g a prime number?
False
Let q(j) = -j**3 + 12*j**2 - 11*j. Let d be q(11). Suppose 4*k + 4*h - 9614 - 6270 = d, -5*h = 10. Is k prime?
False
Let p(b) = b**3 - 11*b**2 - 30*b - 19. Let t be (1 + 685/15)/(1/(-6)). Let m be t/10*(-2)/4. Is p(m) prime?
True
Let w(y) = -7*y + 102*y**3 - 1 - 4*y**2 + 13*y - 7*y. Let p be w(3). Is p/23 + (1 - 1) a prime number?
False
Let q = 0 - -7. Let c(i) = 2*i - 10 - i**2 - 5 - 6*i**2 + 28*i**3 - 23*i**3. Is c(q) prime?
False
Let p(o) = -1599*o**3 - 8*o**2 + 7*o - 6. Let m(f) = 3199*f**3 + 18*f**2 - 14*f + 12. Let j(y) = -3*m(y) - 7*p(y). Is j(1) prime?
True
Let f(y) = y**2 + 9*y + 12. Let x be f(-9). Let i be (10/(-4))/((-15)/x). Suppose 4*k - i*o = 3*o + 9325, -6 = -2*o. Is k a composite number?
True
Suppose -211*o + 213*o + 671691 = 3*u, -4*u + 895603 = -o. Is u a prime number?
True
Let q(m) = -3257*m**2 + 16*m + 3. Let g(z) = -3258*z**2 + 15*z + 4. Let x(k) = -7*g(k) + 6*q(k). Is x(-1) a composite number?
True
Let x(y) = 96*y + 2. Let h(o) = -85*o - 2. Let v(m) = -3*h(m) - 2*x(m). Let t = 5 - 2. Is v(t) prime?
True
Let x(j) = 63*j**2 - 12*j - 10. Let y be x(-4). Let l = y + -39. Is l composite?
True
Suppose 1936 = -s - 2452. Is (-12)/20 - 5/(25/s) composite?
False
Let g = -40906 - -163235. Is g a prime number?
False
Let r = 24999 - -257768. Is r prime?
True
Let f(r) = -2*r + 4. Let l be f(-11). Suppose 32 = 5*m + 2*z, -5*z - l = -5*m - z. Is (116/m)/(10/30) prime?
False
Suppose -4 = -2*m - 32. Let h = -12 - m. Suppose h*x - 100 - 858 = 0. Is x a prime number?
True
Let a = 51 - 42. Suppose 7*s - a*s - 9816 = 0. Is (6/(-4))/(9*1/s) a prime number?
False
Suppose 4*d + 566549 = 3*w, -755357 = -4*w + 21*d - 24*d. Is w a prime number?
True
Let x be (-9)/(243/(-6)) - 8048929/(-63). Suppose 57*p = -12564 + x. Is p a prime number?
False
Suppose -3*a - 719 = -a + g, -362 = a + g. Let t = a + 1935. Suppose -t = u - 7*u. Is u a composite number?
False
Let q = 32707 - -81606. Is q composite?
True
Let v = -402 + 719. Let g = 566 - v. Is g a composite number?
True
Let d(w) = 41*w - 29. Let a be d(17). Let k(s) = -s**2 + 5*s + 2. Let u be k(5). Is (u/4)/(0 - (-2)/a) prime?
True
Let n(x) = -473*x + 59. Suppose -32 = -y + 5*y + 4*k, -3*y - 4*k = 26. Is n(y) composite?
False
Is 30/60*(-2)/(-3)*2644179 composite?
False
Let z(n) = 3*n**3 + 32*n**2 - 29*n - 11. Let j(m) = 5*m**3 + 48*m**2 - 43*m - 17. Let h(y) = 5*j(y) - 8*z(y). Let t = -12 + 27. Is h(t) composite?
True
Suppose 0 = -4*m - 20, -u - 4*m - 9 = 13. Let v(f) = -f - 10*f + 6*f - 366*f**3 + 4*f + 1 + 2*f**2. Is v(u) a prime number?
True
Is 120323 + (6 + 0)*188/141 prime?
True
Let q(s) = 479*s - 11 + 684*s - 7*s. Is q(3) a prime number?
True
Suppose 29*i - 24*i - 26255 = 0. Suppose 0 = 4*g - 23481 - i. Is g a composite number?
True
Let g be 3/(-27) - (-16548)/(-27). Let q be (-2)/9 + 41046/27. Let x = g + q. Is x a composite number?
False
Let d(a) be the first derivative of -23*a**5/5 - a**4/24 - 28*a**3/3 + 41. Let j(b) be the third derivative of d(b). Is j(-3) a composite number?
True
Let k be ((-2212)/3)/(-5*(-6)/(-45)). Suppose 7*q + k = 10017. Is q a composite number?
True
Suppose 0 = -2*t + 3*q - 3, -3*t - 11*q + 13*q = 2. Let s(b) = -31*b + 10249. Is s(t) a composite number?
True
Let d(p) be the first derivative of 29*p**3 + p**2 - 2*p + 11. Let z be d(-3). Let m = -344 + z. Is m a composite number?
False
Suppose -912928 = 4806*d - 4838*d. Is d composite?
True
Let a(w) = w**3 + 37*w**2 + 17*w - 75. Let k be a(-25). Let l = 37947 + k. Is l composite?
True
Suppose 964053 = 147*o - 187435 - 530633. Is o a prime number?
True
Let p = 336406 + -26073. Is p a prime number?
True
Let u = 70 - 54. Suppose 12*l + 24 = u*l. Let x(c) = 14*c**3 - 5*c**2 + c + 11. Is x(l) a composite number?
False
Suppose 32005460 = 448*x - 9693932. Is x composite?
True
Let l = -9076 - -29553. Is l a composite number?
False
Let g(l) = -454*l - 26. Let j(k) = -k + 5. Let t(n) = -g(n) - 5*j(n). Let a be ((-4)/(-10))/(-1)*-5. Is t(a) a composite number?
False
Suppose 9*l - 30020 = -15*l + 13204. Is l prime?
True
Let j be (3 - 1) + (-10)/(-10). Let g(u) = 14*u**2 - 2*u - 4. Let s be g(j). Is (-1)/(2*(-1)/s) composite?
True
Let r be (8/6)/((-2)/(-18)). Let m = -7 + r. Suppose m*v - 1650 = 140. Is v a composite number?
True
Let g = -613 - 415. Let a = g - -1977. Is a prime?
False
Let w = 351 + -232. Suppose z - w = 4*u + 169, 3*z = 4*u + 880. Suppose 5*o - 149 = z. Is o prime?
True
Is 223855 + 0 + 4 + 8 composite?
True
Let c(b) = 736*b**2 - 36*b - 573. Is c(-25) a prime number?
False
Let i be 102/(-10) - ((-144)/(-30) + -5). Is (-2 + i/(-4))/((-2)/(-15956)) composite?
False
Suppose -q = 3*a - 4*a + 5, 4*q - 15 = -3*a. Suppose -4*m = -p - 23 + 3, 0 = 2*m - p - 12. Suppose 1643 = j - a*n, 3*n + 3718 + 2854 = m*j. Is j composite?
True
Let q = 25 + -23. Suppose 2*f - 7172 = -q*j - 1342, 4*j - 2*f = 11672. Is j a composite number?
False
Is 29/(-1 - 346672/(-346616)) + 8/(-14) a prime number?
True
Let u be ((-3)/(-3))/((-4)/(-32)). Suppose -5445 = -u*h + 1299. Is h + (0/4)/((-3)/3) prime?
False
Let x(d) = -64*d**3 + 3*d**2 + 174*d - 3. Is x(-22) a prime number?
False
Suppose 223*g = 241*g - 2475666. Is g prime?
True
Let l = 8241 - -312. Is l prime?
False
Suppose 0 = 4*u - 172213 + 35381. Suppose -r + u = 8*h - 5*h, 2*h + 3*r = 22817. Is h composite?
True
Is ((-15)/9)/(270/(-400635882)) prime?
False
Suppose 13*s - 10*s = 2*o - 14, 5*s + o + 6 = 0. Is ((-3)/s)/(1/((-9422)/(-21))) prime?
True
Let c = -7906 - -13057. Is c - 8 - 12/((-6)/2) prime?
True
Suppose 20*p + 669216 = 4*p. Is (-7 + 69/9)/((-4)/p) a prime number?
True
Suppose -1447*c + 1432*c + 2379495 = 0. Is c a prime number?
True
Let d = -48 - -43. Let n be ((-2)/d)/((-1)/30). Let c(u) = -6*u - 29. Is c(n) prime?
True
Let h(z) = -563*z**3 + 4*z**2 + 32*z + 61. Is h(-4) prime?
False
Suppose i - 2*i = -3*u + 15, 4*i + 2*u = 10. Is (-11942)/(-14) + 0 + i a prime number?
True
Let m = -26 + 34. Let l(d) be the first derivative of 8*d**3/3 + 9*d**2 - 27*d - 75. Is l(m) composite?
True
Let q = 109 + -213. Let i = q + 109. Suppose -3*z = -u + 2490 + 965, i*z + 3455 = u. Is u prime?
False
Let a(x) = 8183*x + 5044. Is a(47) a prime number?
False
Suppose 144 = 21*b - 108. Let t(w) = 156*w**2 + 34*w - 259. Is t(b) composite?
False
Let t(y) = -17939*y - 84. Is t(-23) composite?
True
Let h(c) = -2*c**3 + 90*c**2 - 18*c - 153. Is h(44) a prime number?
True
Let v be ((-10)/(-11))/(-5) - (-727048)/77. Let l = -1733 + v. Is l composite?
True
Suppose 34260943 = 464*o - 57475105. Is o a prime number?
False
Let h(d) = -4*d**2 + 17*d. Let z be h(4). Is 3*438 + (z - 3/(-3)) a composite number?
False
Let w = -20826 - -93233. Is w a prime number?
False
Let w = 313 + -294. Is (w - 18) + (-15678)/(-3) prime?
True
Let a be (-5 - 4)/(-27) - (-2)/(-6). Suppose 0 = -4*f - 16, -2*h - 5*f + 0*f - 2954 = a. Let w = 3596 + h. Is w composite?
False
Suppose -o + 83*k = 88*k - 9616, -28880 = -3*o + k. Suppose -56070 = -32*z + o. Is z a composite number?
False
Suppose 5*c - 4 = 2*t, 4*t = 7*t - 3*c + 6. Let g(q) = 102*q + 6. Let a be g(t). Let b = 313 + a. Is b a composite number?
True
Let o = -74905 + 135114. Is o composite?
False
Let t = 124520 + -87247. Is t prime?
True
Suppose 2*l + 5623 = 47141. Let u = -8612 + l. Is u a prime numb